{"id":229,"date":"2025-10-24T09:17:51","date_gmt":"2025-10-24T09:17:51","guid":{"rendered":"https:\/\/www.pelutspelpirineu.ad\/?page_id=229"},"modified":"2025-10-24T09:24:05","modified_gmt":"2025-10-24T09:24:05","slug":"politica-de-cookies","status":"publish","type":"page","link":"https:\/\/www.pelutspelpirineu.ad\/?page_id=229","title":{"rendered":"Pol\u00edtica de cookies"},"content":{"rendered":"<p>[et_pb_section fb_built=\u00bb1&#8243; admin_label=\u00bbsection\u00bb _builder_version=\u00bb4.16&#8243; global_colors_info=\u00bb{}\u00bb][et_pb_row admin_label=\u00bbrow\u00bb _builder_version=\u00bb4.16&#8243; background_size=\u00bbinitial\u00bb background_position=\u00bbtop_left\u00bb background_repeat=\u00bbrepeat\u00bb global_colors_info=\u00bb{}\u00bb][et_pb_column type=\u00bb4_4&#8243; _builder_version=\u00bb4.16&#8243; custom_padding=\u00bb|||\u00bb global_colors_info=\u00bb{}\u00bb custom_padding__hover=\u00bb|||\u00bb][et_pb_text admin_label=\u00bbText\u00bb _builder_version=\u00bb4.16&#8243; background_size=\u00bbinitial\u00bb background_position=\u00bbtop_left\u00bb background_repeat=\u00bbrepeat\u00bb global_colors_info=\u00bb{}\u00bb]<\/p>\n<h3 data-start=\"0\" data-end=\"23\">Pol\u00edtica de galetes<\/h3>\n<h1><span style=\"font-size: 15px; color: #666666;\">Una galeta \u00e9s un petit fitxer de text que s\u2019emmagatzema al vostre navegador quan visiteu gaireb\u00e9 qualsevol p\u00e0gina web. La seva utilitat \u00e9s que la web sigui capa\u00e7 de recordar la vostra visita quan torneu a navegar per aquesta p\u00e0gina. Les galetes solen emmagatzemar informaci\u00f3 de car\u00e0cter t\u00e8cnic, prefer\u00e8ncies personals, personalitzaci\u00f3 de continguts, estad\u00edstiques d\u2019\u00fas, enlla\u00e7os a xarxes socials, acc\u00e9s a comptes d\u2019usuari, etc.<\/span><\/h1>\n<div class=\"text-base my-auto mx-auto pb-10 [--thread-content-margin:--spacing(4)] thread-sm:[--thread-content-margin:--spacing(6)] thread-lg:[--thread-content-margin:--spacing(16)] px-(--thread-content-margin)\">\n<div class=\"[--thread-content-max-width:40rem] thread-lg:[--thread-content-max-width:48rem] mx-auto max-w-(--thread-content-max-width) flex-1 group\/turn-messages focus-visible:outline-hidden relative flex w-full min-w-0 flex-col agent-turn\" tabindex=\"-1\">\n<div class=\"flex max-w-full flex-col grow\">\n<div data-message-author-role=\"assistant\" data-message-id=\"847bda02-59ca-4fe3-aae6-a14b3faeb342\" dir=\"auto\" class=\"min-h-8 text-message relative flex w-full flex-col items-end gap-2 text-start break-words whitespace-normal [.text-message+&amp;]:mt-1\" data-message-model-slug=\"gpt-5\">\n<div class=\"flex w-full flex-col gap-1 empty:hidden first:pt-[1px]\">\n<div class=\"markdown prose dark:prose-invert w-full break-words dark markdown-new-styling\">\n<p data-start=\"25\" data-end=\"785\">L\u2019objectiu de la galeta \u00e9s adaptar el contingut de la web al vostre perfil i necessitats; sense galetes, els serveis oferts per qualsevol p\u00e0gina es veurien notablement minvats. Si voleu consultar m\u00e9s informaci\u00f3 sobre qu\u00e8 s\u00f3n les galetes, qu\u00e8 emmagatzemen, com eliminar-les o desactivar-les, us preguem que accediu a aquest enlla\u00e7.<\/p>\n<hr data-start=\"787\" data-end=\"790\" \/>\n<h3 data-start=\"792\" data-end=\"834\">Galetes utilitzades en aquest lloc web<\/h3>\n<p data-start=\"836\" data-end=\"1032\">Seguint les directrius de l\u2019Ag\u00e8ncia Espanyola de Protecci\u00f3 de Dades, detallem a continuaci\u00f3 l\u2019\u00fas de galetes que fa aquest lloc web amb la finalitat d\u2019informar-vos amb la m\u00e0xima exactitud possible.<\/p>\n<p data-start=\"1034\" data-end=\"1092\">Aquest lloc web utilitza les seg\u00fcents <strong data-start=\"1072\" data-end=\"1091\">galetes pr\u00f2pies<\/strong>:<\/p>\n<ul data-start=\"1094\" data-end=\"1262\">\n<li data-start=\"1094\" data-end=\"1262\">\n<p data-start=\"1096\" data-end=\"1262\"><strong data-start=\"1096\" data-end=\"1117\">Galetes de sessi\u00f3<\/strong>, per garantir que els usuaris que escriguin comentaris al bloc siguin humans i no aplicacions automatitzades. D\u2019aquesta manera es combat l\u2019spam.<\/p>\n<\/li>\n<\/ul>\n<p data-start=\"1264\" data-end=\"1325\">Aquest lloc web utilitza les seg\u00fcents <strong data-start=\"1302\" data-end=\"1324\">galetes de tercers<\/strong>:<\/p>\n<ul data-start=\"1327\" data-end=\"1821\">\n<li data-start=\"1327\" data-end=\"1682\">\n<p data-start=\"1329\" data-end=\"1682\"><strong data-start=\"1329\" data-end=\"1350\">Google Analytics:<\/strong> emmagatzema galetes per poder elaborar estad\u00edstiques sobre el tr\u00e0nsit i el volum de visites d\u2019aquest lloc web. En utilitzar aquest lloc web esteu consentint el tractament d\u2019informaci\u00f3 sobre vosaltres per part de Google. Per tant, l\u2019exercici de qualsevol dret en aquest sentit s\u2019haur\u00e0 de fer comunicant-vos directament amb Google.<\/p>\n<\/li>\n<li data-start=\"1683\" data-end=\"1821\">\n<p data-start=\"1685\" data-end=\"1821\"><strong data-start=\"1685\" data-end=\"1704\">Xarxes socials:<\/strong> cada xarxa social utilitza les seves pr\u00f2pies galetes perqu\u00e8 pugueu pr\u00e9mer botons del tipus \u201cM\u2019agrada\u201d o \u201cCompartir\u201d.<\/p>\n<\/li>\n<\/ul>\n<hr data-start=\"1823\" data-end=\"1826\" \/>\n<h3 data-start=\"1828\" data-end=\"1868\">Desactivaci\u00f3 o eliminaci\u00f3 de galetes<\/h3>\n<p data-start=\"1870\" data-end=\"2133\">En qualsevol moment podeu exercir el vostre dret de desactivaci\u00f3 o eliminaci\u00f3 de les galetes d\u2019aquest lloc web. Aquestes accions es duen a terme de manera diferent segons el navegador que feu servir. Aqu\u00ed us deixem una guia r\u00e0pida per als navegadors m\u00e9s populars.<\/p>\n<hr data-start=\"2135\" data-end=\"2138\" \/>\n<h3 data-start=\"2140\" data-end=\"2161\">Notes addicionals<\/h3>\n<p data-start=\"2163\" data-end=\"2799\">Ni aquest lloc web ni els seus representants legals no es fan responsables ni del contingut ni de la veracitat de les pol\u00edtiques de privacitat que puguin tenir els tercers esmentats en aquesta pol\u00edtica de galetes.<br data-start=\"2376\" data-end=\"2379\" \/>Els navegadors web s\u00f3n les eines encarregades d\u2019emmagatzemar les galetes, i des d\u2019aquest lloc heu d\u2019exercir el vostre dret a eliminar-les o desactivar-les. Ni aquest lloc web ni els seus representants legals poden garantir la correcta o incorrecta manipulaci\u00f3 de les galetes per part dels navegadors.<br data-start=\"2679\" data-end=\"2682\" \/>En alguns casos \u00e9s necessari instal\u00b7lar galetes perqu\u00e8 el navegador no oblidi la vostra decisi\u00f3 de no acceptar-les.<\/p>\n<p data-start=\"2801\" data-end=\"3476\">Pel que fa a les galetes de <strong data-start=\"2829\" data-end=\"2849\">Google Analytics<\/strong>, aquesta empresa emmagatzema les galetes en servidors situats als Estats Units i es compromet a no compartir-les amb tercers, excepte en els casos en qu\u00e8 sigui necessari per al funcionament del sistema o quan la llei ho exigeixi. Segons Google, no desa la vostra adre\u00e7a IP. Google Inc. \u00e9s una companyia adherida a l\u2019Acord de Port Segur, que garanteix que totes les dades transferides seran tractades amb un nivell de protecci\u00f3 conforme a la normativa europea. Podeu consultar informaci\u00f3 detallada sobre aquest tema en aquest enlla\u00e7. Si voleu informaci\u00f3 sobre l\u2019\u00fas que Google fa de les galetes, us adjuntem aquest altre enlla\u00e7.<\/p>\n<p data-start=\"3478\" data-end=\"3624\" data-is-last-node=\"\" data-is-only-node=\"\">Per a qualsevol dubte o consulta sobre aquesta pol\u00edtica de galetes, no dubteu a comunicar-vos amb nosaltres a trav\u00e9s de la <strong data-start=\"3601\" data-end=\"3623\">secci\u00f3 de contacte<\/strong>.<\/p>\n<\/div>\n<\/div>\n<\/div>\n<\/div>\n<\/div>\n<\/div>\n<ul><\/ul>\n<p>[\/et_pb_text][\/et_pb_column][\/et_pb_row][\/et_pb_section]<\/p>\n","protected":false},"excerpt":{"rendered":"<p>Pol\u00edtica de galetes Una galeta \u00e9s un petit fitxer de text que s\u2019emmagatzema al vostre navegador quan visiteu gaireb\u00e9 qualsevol p\u00e0gina web. La seva utilitat \u00e9s que la web sigui capa\u00e7 de recordar la vostra visita quan torneu a navegar per aquesta p\u00e0gina. Les galetes solen emmagatzemar informaci\u00f3 de car\u00e0cter t\u00e8cnic, prefer\u00e8ncies personals, personalitzaci\u00f3 de [&hellip;]<\/p>\n","protected":false},"author":1,"featured_media":0,"parent":0,"menu_order":0,"comment_status":"closed","ping_status":"closed","template":"","meta":{"_et_pb_use_builder":"on","_et_pb_old_content":"<h1>Pol\u00edtica de cookies<\/h1>\n<p>\n\tUna <em>cookie<\/em> es un peque\u00f1o fichero de texto que se almacena en su navegador cuando visita casi cualquier p\u00e1gina web. Su utilidad es que la web sea capaz de recordar su visita cuando vuelva a navegar por esa p\u00e1gina. Las <em>cookies<\/em> suelen almacenar informaci\u00f3n de car\u00e1cter t\u00e9cnico, preferencias personales, personalizaci\u00f3n de contenidos, estad\u00edsticas de uso, enlaces a redes sociales, acceso a cuentas de usuario, etc. El objetivo de la <em>cookie<\/em> es adaptar el contenido de la web a su perfil y necesidades, sin <em>cookies<\/em> los servicios ofrecidos por cualquier p\u00e1gina se ver\u00edan mermados notablemente. Si desea consultar m\u00e1s informaci\u00f3n sobre qu\u00e9 son las <em>cookies<\/em>, qu\u00e9 almacenan, c\u00f3mo eliminarlas, desactivarlas, etc., <a href=\"https:\/\/www.pelutspelpirineu.ad\/?page_id=228\">le rogamos se dirija a este enlace.<\/a>\n<\/p>\n<h2>Cookies utilizadas en este sitio web<\/h2>\n<p>\n\tSiguiendo las directrices de la Agencia Espa\u00f1ola de Protecci\u00f3n de Datos procedemos a detallar el uso de <em>cookies<\/em> que hace esta web con el fin de informarle con la m\u00e1xima exactitud posible.\n<\/p>\n<p>\n\tEste sitio web utiliza las siguientes <strong>cookies propias<\/strong>:\n\t<ul>\n\t\t<li>Cookies de sesi\u00f3n, para garantizar que los usuarios que escriban comentarios en el blog sean humanos y no aplicaciones automatizadas. De esta forma se combate el <em>spam<\/em>.<\/li>\n\t<\/ul>\n<\/p>\n<p>\n\tEste sitio web utiliza las siguientes <strong>cookies de terceros<\/strong>:\n\t<ul>\n\t\t<li>Google Analytics: Almacena <em>cookies<\/em> para poder elaborar estad\u00edsticas sobre el tr\u00e1fico y volumen de visitas de esta web. Al utilizar este sitio web est\u00e1 consintiendo el tratamiento de informaci\u00f3n acerca de usted por Google. Por tanto, el ejercicio de cualquier derecho en este sentido deber\u00e1 hacerlo comunicando directamente con Google.<\/li>\n\t\t<li>Redes sociales: Cada red social utiliza sus propias <em>cookies<\/em> para que usted pueda pinchar en botones del tipo <em>Me gusta<\/em> o <em>Compartir<\/em>.<\/li>\n\t<\/ul>\n<\/p> \n<h2>Desactivaci\u00f3n o eliminaci\u00f3n de cookies<\/h2>\n<p>\n\tEn cualquier momento podr\u00e1 ejercer su derecho de desactivaci\u00f3n o eliminaci\u00f3n de cookies de este sitio web. Estas acciones se realizan de forma diferente en funci\u00f3n del navegador que est\u00e9 usando. <a href=\"https:\/\/www.pelutspelpirineu.ad\/?page_id=228#navegadores\">Aqu\u00ed le dejamos una gu\u00eda r\u00e1pida para los navegadores m\u00e1s populares<\/a>.\n<\/p>\n<h2>Notas adicionales<\/h2>\n<p>\n\t<ul>\n\t\t<li>\n\t\t\tNi esta web ni sus representantes legales se hacen responsables ni del contenido ni de la veracidad de las pol\u00edticas de privacidad que puedan tener los terceros mencionados en esta pol\u00edtica de <em>cookies<\/em>.\n\t\t<\/li>\n\t\t<li>\n\t\t\tLos navegadores web son las herramientas encargadas de almacenar las <em>cookies<\/em> y desde este lugar debe efectuar su derecho a eliminaci\u00f3n o desactivaci\u00f3n de las mismas. Ni esta web ni sus representantes legales pueden garantizar la correcta o incorrecta manipulaci\u00f3n de las <em>cookies<\/em> por parte de los mencionados navegadores.\n\t\t<\/li>\n\t\t<li>\n\t\t\tEn algunos casos es necesario instalar <em>cookies<\/em> para que el navegador no olvide su decisi\u00f3n de no aceptaci\u00f3n de las mismas.\n\t\t<\/li>\n\t\t<li>\n\t\t\tEn el caso de las <em>cookies<\/em> de Google Analytics, esta empresa almacena las <em>cookies<\/em> en servidores ubicados en Estados Unidos y se compromete a no compartirla con terceros, excepto en los casos en los que sea necesario para el funcionamiento del sistema o cuando la ley obligue a tal efecto. Seg\u00fan Google no guarda su direcci\u00f3n IP. Google Inc. es una compa\u00f1\u00eda adherida al Acuerdo de Puerto Seguro que garantiza que todos los datos transferidos ser\u00e1n tratados con un nivel de protecci\u00f3n acorde a la normativa europea. Puede consultar informaci\u00f3n detallada a este respecto <a href=\"http:\/\/safeharbor.export.gov\/companyinfo.aspx?id=16626\" target=\"_blank\">en este enlace<\/a>. Si desea informaci\u00f3n sobre el uso que Google da a las cookies <a href=\"https:\/\/developers.google.com\/analytics\/devguides\/collection\/analyticsjs\/cookie-usage?hl=es&csw=1\" target=\"_blank\">le adjuntamos este otro enlace<\/a>.\n\t\t<\/li>\n\t\t<li>\n\t\t\tPara cualquier duda o consulta acerca de esta pol\u00edtica de <em>cookies<\/em> no dude en comunicarse con nosotros a trav\u00e9s de la secci\u00f3n de contacto.<\/a>\n\t\t<\/li>\n\t<\/ul>\n<\/p>\n","_et_gb_content_width":"","footnotes":""},"class_list":["post-229","page","type-page","status-publish","hentry"],"yoast_head":"<!-- This site is optimized with the Yoast SEO plugin v27.4 - https:\/\/yoast.com\/product\/yoast-seo-wordpress\/ -->\n<title>Pol\u00edtica de cookies - Peluts pel Pirineu<\/title>\n<meta name=\"robots\" content=\"index, follow, max-snippet:-1, max-image-preview:large, max-video-preview:-1\" \/>\n<link rel=\"canonical\" href=\"https:\/\/www.pelutspelpirineu.ad\/?page_id=229\" \/>\n<meta property=\"og:locale\" content=\"es_ES\" \/>\n<meta property=\"og:type\" content=\"article\" \/>\n<meta property=\"og:title\" content=\"Pol\u00edtica de cookies - Peluts pel Pirineu\" \/>\n<meta property=\"og:description\" content=\"Pol\u00edtica de galetes Una galeta \u00e9s un petit fitxer de text que s\u2019emmagatzema al vostre navegador quan visiteu gaireb\u00e9 qualsevol p\u00e0gina web. La seva utilitat \u00e9s que la web sigui capa\u00e7 de recordar la vostra visita quan torneu a navegar per aquesta p\u00e0gina. Les galetes solen emmagatzemar informaci\u00f3 de car\u00e0cter t\u00e8cnic, prefer\u00e8ncies personals, personalitzaci\u00f3 de [&hellip;]\" \/>\n<meta property=\"og:url\" content=\"https:\/\/www.pelutspelpirineu.ad\/?page_id=229\" \/>\n<meta property=\"og:site_name\" content=\"Peluts pel Pirineu\" \/>\n<meta property=\"article:modified_time\" content=\"2025-10-24T09:24:05+00:00\" \/>\n<meta name=\"twitter:card\" content=\"summary_large_image\" \/>\n<meta name=\"twitter:label1\" content=\"Tiempo de lectura\" \/>\n\t<meta name=\"twitter:data1\" content=\"3 minutos\" \/>\n<script type=\"application\/ld+json\" class=\"yoast-schema-graph\">{\"@context\":\"https:\\\/\\\/schema.org\",\"@graph\":[{\"@type\":\"WebPage\",\"@id\":\"https:\\\/\\\/www.pelutspelpirineu.ad\\\/?page_id=229\",\"url\":\"https:\\\/\\\/www.pelutspelpirineu.ad\\\/?page_id=229\",\"name\":\"Pol\u00edtica de cookies - Peluts pel Pirineu\",\"isPartOf\":{\"@id\":\"https:\\\/\\\/www.pelutspelpirineu.ad\\\/#website\"},\"datePublished\":\"2025-10-24T09:17:51+00:00\",\"dateModified\":\"2025-10-24T09:24:05+00:00\",\"breadcrumb\":{\"@id\":\"https:\\\/\\\/www.pelutspelpirineu.ad\\\/?page_id=229#breadcrumb\"},\"inLanguage\":\"es\",\"potentialAction\":[{\"@type\":\"ReadAction\",\"target\":[\"https:\\\/\\\/www.pelutspelpirineu.ad\\\/?page_id=229\"]}]},{\"@type\":\"BreadcrumbList\",\"@id\":\"https:\\\/\\\/www.pelutspelpirineu.ad\\\/?page_id=229#breadcrumb\",\"itemListElement\":[{\"@type\":\"ListItem\",\"position\":1,\"name\":\"Inici\",\"item\":\"https:\\\/\\\/www.pelutspelpirineu.ad\\\/\"},{\"@type\":\"ListItem\",\"position\":2,\"name\":\"Pol\u00edtica de cookies\"}]},{\"@type\":\"WebSite\",\"@id\":\"https:\\\/\\\/www.pelutspelpirineu.ad\\\/#website\",\"url\":\"https:\\\/\\\/www.pelutspelpirineu.ad\\\/\",\"name\":\"Peluts pel Pirineu\",\"description\":\"Escola d&#039;educaci\u00f3 canina a Andorra\",\"potentialAction\":[{\"@type\":\"SearchAction\",\"target\":{\"@type\":\"EntryPoint\",\"urlTemplate\":\"https:\\\/\\\/www.pelutspelpirineu.ad\\\/?s={search_term_string}\"},\"query-input\":{\"@type\":\"PropertyValueSpecification\",\"valueRequired\":true,\"valueName\":\"search_term_string\"}}],\"inLanguage\":\"es\"}]}<\/script>\n<!-- \/ Yoast SEO plugin. -->","yoast_head_json":{"title":"Pol\u00edtica de cookies - Peluts pel Pirineu","robots":{"index":"index","follow":"follow","max-snippet":"max-snippet:-1","max-image-preview":"max-image-preview:large","max-video-preview":"max-video-preview:-1"},"canonical":"https:\/\/www.pelutspelpirineu.ad\/?page_id=229","og_locale":"es_ES","og_type":"article","og_title":"Pol\u00edtica de cookies - Peluts pel Pirineu","og_description":"Pol\u00edtica de galetes Una galeta \u00e9s un petit fitxer de text que s\u2019emmagatzema al vostre navegador quan visiteu gaireb\u00e9 qualsevol p\u00e0gina web. La seva utilitat \u00e9s que la web sigui capa\u00e7 de recordar la vostra visita quan torneu a navegar per aquesta p\u00e0gina. Les galetes solen emmagatzemar informaci\u00f3 de car\u00e0cter t\u00e8cnic, prefer\u00e8ncies personals, personalitzaci\u00f3 de [&hellip;]","og_url":"https:\/\/www.pelutspelpirineu.ad\/?page_id=229","og_site_name":"Peluts pel Pirineu","article_modified_time":"2025-10-24T09:24:05+00:00","twitter_card":"summary_large_image","twitter_misc":{"Tiempo de lectura":"3 minutos"},"schema":{"@context":"https:\/\/schema.org","@graph":[{"@type":"WebPage","@id":"https:\/\/www.pelutspelpirineu.ad\/?page_id=229","url":"https:\/\/www.pelutspelpirineu.ad\/?page_id=229","name":"Pol\u00edtica de cookies - Peluts pel Pirineu","isPartOf":{"@id":"https:\/\/www.pelutspelpirineu.ad\/#website"},"datePublished":"2025-10-24T09:17:51+00:00","dateModified":"2025-10-24T09:24:05+00:00","breadcrumb":{"@id":"https:\/\/www.pelutspelpirineu.ad\/?page_id=229#breadcrumb"},"inLanguage":"es","potentialAction":[{"@type":"ReadAction","target":["https:\/\/www.pelutspelpirineu.ad\/?page_id=229"]}]},{"@type":"BreadcrumbList","@id":"https:\/\/www.pelutspelpirineu.ad\/?page_id=229#breadcrumb","itemListElement":[{"@type":"ListItem","position":1,"name":"Inici","item":"https:\/\/www.pelutspelpirineu.ad\/"},{"@type":"ListItem","position":2,"name":"Pol\u00edtica de cookies"}]},{"@type":"WebSite","@id":"https:\/\/www.pelutspelpirineu.ad\/#website","url":"https:\/\/www.pelutspelpirineu.ad\/","name":"Peluts pel Pirineu","description":"Escola d&#039;educaci\u00f3 canina a Andorra","potentialAction":[{"@type":"SearchAction","target":{"@type":"EntryPoint","urlTemplate":"https:\/\/www.pelutspelpirineu.ad\/?s={search_term_string}"},"query-input":{"@type":"PropertyValueSpecification","valueRequired":true,"valueName":"search_term_string"}}],"inLanguage":"es"}]}},"jetpack_sharing_enabled":true,"_links":{"self":[{"href":"https:\/\/www.pelutspelpirineu.ad\/index.php?rest_route=\/wp\/v2\/pages\/229","targetHints":{"allow":["GET"]}}],"collection":[{"href":"https:\/\/www.pelutspelpirineu.ad\/index.php?rest_route=\/wp\/v2\/pages"}],"about":[{"href":"https:\/\/www.pelutspelpirineu.ad\/index.php?rest_route=\/wp\/v2\/types\/page"}],"author":[{"embeddable":true,"href":"https:\/\/www.pelutspelpirineu.ad\/index.php?rest_route=\/wp\/v2\/users\/1"}],"replies":[{"embeddable":true,"href":"https:\/\/www.pelutspelpirineu.ad\/index.php?rest_route=%2Fwp%2Fv2%2Fcomments&post=229"}],"version-history":[{"count":3,"href":"https:\/\/www.pelutspelpirineu.ad\/index.php?rest_route=\/wp\/v2\/pages\/229\/revisions"}],"predecessor-version":[{"id":232,"href":"https:\/\/www.pelutspelpirineu.ad\/index.php?rest_route=\/wp\/v2\/pages\/229\/revisions\/232"}],"wp:attachment":[{"href":"https:\/\/www.pelutspelpirineu.ad\/index.php?rest_route=%2Fwp%2Fv2%2Fmedia&parent=229"}],"curies":[{"name":"wp","href":"https:\/\/api.w.org\/{rel}","templated":true}]}}