{"id":3,"date":"2025-09-27T09:05:04","date_gmt":"2025-09-27T09:05:04","guid":{"rendered":"https:\/\/www.pelutspelpirineu.ad\/?page_id=3"},"modified":"2025-10-21T07:42:40","modified_gmt":"2025-10-21T07:42:40","slug":"privacy-policy","status":"publish","type":"page","link":"https:\/\/www.pelutspelpirineu.ad\/?page_id=3","title":{"rendered":"Pol\u00edtica de Privacitat"},"content":{"rendered":"[et_pb_section fb_built=\u00bb1&#8243; admin_label=\u00bbsection\u00bb _builder_version=\u00bb4.27.4&#8243; background_color=\u00bb#EDD1B0&#8243; global_colors_info=\u00bb{}\u00bb][et_pb_row admin_label=\u00bbrow\u00bb _builder_version=\u00bb4.27.4&#8243; background_size=\u00bbinitial\u00bb background_position=\u00bbtop_left\u00bb background_repeat=\u00bbrepeat\u00bb global_colors_info=\u00bb{}\u00bb][et_pb_column type=\u00bb4_4&#8243; _builder_version=\u00bb4.16&#8243; custom_padding=\u00bb|||\u00bb global_colors_info=\u00bb{}\u00bb custom_padding__hover=\u00bb|||\u00bb][et_pb_text admin_label=\u00bbText\u00bb _builder_version=\u00bb4.27.4&#8243; text_font=\u00bbAllerta Stencil|700|||||||\u00bb text_text_color=\u00bb#5B2E0D\u00bb header_font=\u00bbAllerta Stencil||||||||\u00bb header_text_color=\u00bb#5B2E0D\u00bb header_2_font=\u00bbDynaPuff||||||||\u00bb header_2_text_color=\u00bb#5B2E0D\u00bb background_size=\u00bbinitial\u00bb background_position=\u00bbtop_left\u00bb background_repeat=\u00bbrepeat\u00bb text_orientation=\u00bbjustified\u00bb text_orientation_tablet=\u00bbjustified\u00bb text_orientation_phone=\u00bbleft\u00bb text_orientation_last_edited=\u00bbon|phone\u00bb global_colors_info=\u00bb{}\u00bb]<h2 class=\"wp-block-heading\"><span style=\"font-size: xx-large;\">Pol\u00edtica de Privadesa<\/span><\/h2>\n<p><em><span style=\"text-decoration: underline;\"><span style=\"font-size: 14px;\">\u00daltima actualitzaci\u00f3: 29 de maig de 2025<\/span><\/span><\/em><\/p>\n<p><!-- \/wp:post-content --><br \/><!-- wp:heading --><\/p>\n<h2 class=\"wp-block-heading\">1. Responsable del tractament<\/h2>\n<p><span style=\"font-size: 14px;\">Nom comercial: Peluts pel Pirineu<\/span><\/p>\n<p>Ubicaci\u00f3: Arinsal, Andorra<\/p>\n<p>Correu electr\u00f2nic de contacte: pelutspelpirineu@gmail.com<\/p>\n<h2 class=\"wp-block-heading\">2. Dades que recopilem<!-- \/wp:heading --><!-- wp:paragraph --><\/h2>\n<p>Recopilem les seg\u00fcents dades personals mitjan\u00e7ant la nostra web, activitats i canals de contacte:<\/p>\n<p>&#8211; Nom i cognoms del tutor\/a de l&#8217;animal<br \/>&#8211; Nom de l&#8217;animal<br \/>&#8211; Correu electr\u00f2nic<br \/>&#8211; Tel\u00e8fon de contacte<br \/>&#8211; Dades de pagament (gestionades mitjan\u00e7ant plataformes segures)<!-- \/wp:paragraph --><!-- wp:heading --><\/p>\n<h2 class=\"wp-block-heading\">3. Finalitat del tractament de dades<\/h2>\n<p><span style=\"font-size: 14px;\">Utilitzem les teves dades per a les seg\u00fcents finalitats:<\/span><\/p>\n<p>&#8211; Gestionar les reserves de tallers, cursos i activitats.<br \/>&#8211; Comunicar-nos amb tu per informar-te sobre noves activitats, horaris o canvis importants.<br \/>&#8211; Enviar-te not\u00edcies relacionades amb el m\u00f3n can\u00ed i els nostres serveis.<br \/>&#8211; Millorar l&#8217;organitzaci\u00f3 interna i la qualitat dels serveis que oferim.<br \/>&#8211; Crear llistats de participants i horaris per optimitzar les sessions.<\/p>\n<h2 class=\"wp-block-heading\">4. Base legal del tractament<\/h2>\n<p><span style=\"font-size: 14px;\">El tractament de les teves dades es basa en el teu consentiment expr\u00e9s, que ens dones en inscriure&#8217;t o <\/span>contactar-nos, i\/o en l&#8217;execuci\u00f3 d&#8217;un contracte de servei (reserves, inscripcions&#8230;).<\/p>\n<h2><span style=\"color: #5b2e0d; font-size: 26px;\">5. Conservaci\u00f3 de dades<\/span><\/h2>\n<p><span style=\"font-size: 14px;\">Les teves dades es conservaran durant el temps necessari per complir amb les finalitats indicades o fins que <\/span>ens sol\u00b7licitis la seva supressi\u00f3. En cas de dades relacionades amb transaccions, es conservaran durant el per\u00edode legal obligatori.<\/p>\n<h2><span style=\"color: #5b2e0d; font-size: 26px;\">6. Comunicaci\u00f3 de dades a tercers<\/span><\/h2>\n<p><span style=\"font-size: 14px;\">No compartim ni venem les teves dades personals a tercers. Tota la informaci\u00f3 es tracta de manera confidencial dins del nostre equip, i nom\u00e9s es fa servir per les finalitats descrites.<\/span><\/p>\n<h2 class=\"wp-block-heading\">7. Drets de les persones usu\u00e0ries<\/h2>\n<p><span style=\"font-size: 14px;\">Pots exercir en qualsevol moment els teus drets d&#8217;acc\u00e9s, rectificaci\u00f3, supressi\u00f3, limitaci\u00f3 del tractament, <\/span>oposici\u00f3 i portabilitat, enviant-nos un correu a:<\/p>\n<p><a href=\"mailto:pelutspelpirineu@gmail.com\">pelutspelpirineu@gmail.com<\/a><\/p>\n<p>Tamb\u00e9 pots retirar el teu consentiment quan vulguis, sense que aix\u00f2 afecti la licitud del tractament anterior.<\/p>\n<h2><span style=\"color: #5b2e0d; font-size: 26px;\">8. Mesures de seguretat<\/span><!-- \/wp:heading --><!-- wp:paragraph --><\/h2>\n<p>Adoptem totes les mesures raonables i adequades per protegir les teves dades contra l&#8217;acc\u00e9s no autoritzat, la p\u00e8rdua o divulgaci\u00f3 indeguda. Les dades de pagament es processen a trav\u00e9s de plataformes segures que compleixen amb els est\u00e0ndards de seguretat.<\/p>\n<h2><span style=\"color: #5b2e0d; font-size: 26px;\">9. Canvis en aquesta pol\u00edtica<\/span><!-- \/wp:paragraph --><!-- wp:paragraph --><\/h2>\n<p>Ens reservem el dret d&#8217;actualitzar aquesta pol\u00edtica per adaptar-la a canvis legislatius o a la nostra activitat. Qualsevol canvi ser\u00e0 anunciat a la nostra web de manera clara i accessible.<\/p>\n<p><!-- \/wp:paragraph --><\/p>[\/et_pb_text][et_pb_button button_url=\u00bb@ET-DC@eyJkeW5hbWljIjp0cnVlLCJjb250ZW50IjoicG9zdF9saW5rX3VybF9wYWdlIiwic2V0dGluZ3MiOnsicG9zdF9pZCI6IjM2In19@\u00bb button_text=\u00bbTornar\u00bb button_alignment=\u00bbcenter\u00bb _builder_version=\u00bb4.27.4&#8243; _dynamic_attributes=\u00bbbutton_url\u00bb _module_preset=\u00bbdefault\u00bb custom_button=\u00bbon\u00bb button_text_color=\u00bb#5B2E0D\u00bb button_border_width=\u00bb3px\u00bb button_border_color=\u00bb#5B2E0D\u00bb button_border_radius=\u00bb13px\u00bb button_font=\u00bbAllerta Stencil|700|||||||\u00bb button_icon=\u00bb&#x38;||divi||400&#8243; button_icon_color=\u00bb#5B2E0D\u00bb global_colors_info=\u00bb{}\u00bb][\/et_pb_button][\/et_pb_column][\/et_pb_row][\/et_pb_section]","protected":false},"excerpt":{"rendered":"<p>Pol\u00edtica de Privadesa \u00daltima actualitzaci\u00f3: 29 de maig de 2025 1. Responsable del tractament Nom comercial: Peluts pel Pirineu Ubicaci\u00f3: Arinsal, Andorra Correu electr\u00f2nic de contacte: pelutspelpirineu@gmail.com 2. Dades que recopilem Recopilem les seg\u00fcents dades personals mitjan\u00e7ant la nostra web, activitats i canals de contacte: &#8211; Nom i cognoms del tutor\/a de l&#8217;animal- Nom de [&hellip;]<\/p>\n","protected":false},"author":2,"featured_media":0,"parent":36,"menu_order":1,"comment_status":"closed","ping_status":"closed","template":"","meta":{"_et_pb_use_builder":"on","_et_pb_old_content":"<!-- wp:heading -->\n<h2 class=\"wp-block-heading\">Who we are<\/h2>\n<!-- \/wp:heading -->\n<!-- wp:paragraph -->\n<p><strong class=\"privacy-policy-tutorial\">Suggested text: <\/strong>Our website address is: https:\/\/www.pelutspelpirineu.ad.<\/p>\n<!-- \/wp:paragraph -->\n<!-- wp:heading -->\n<h2 class=\"wp-block-heading\">Comments<\/h2>\n<!-- \/wp:heading -->\n<!-- wp:paragraph -->\n<p><strong class=\"privacy-policy-tutorial\">Suggested text: <\/strong>When visitors leave comments on the site we collect the data shown in the comments form, and also the visitor&#8217;s IP address and browser user agent string to help spam detection.<\/p>\n<!-- \/wp:paragraph -->\n<!-- wp:paragraph -->\n<p>An anonymized string created from your email address (also called a hash) may be provided to the Gravatar service to see if you are using it. The Gravatar service privacy policy is available here: https:\/\/automattic.com\/privacy\/. After approval of your comment, your profile picture is visible to the public in the context of your comment.<\/p>\n<!-- \/wp:paragraph -->\n<!-- wp:heading -->\n<h2 class=\"wp-block-heading\">Media<\/h2>\n<!-- \/wp:heading -->\n<!-- wp:paragraph -->\n<p><strong class=\"privacy-policy-tutorial\">Suggested text: <\/strong>If you upload images to the website, you should avoid uploading images with embedded location data (EXIF GPS) included. Visitors to the website can download and extract any location data from images on the website.<\/p>\n<!-- \/wp:paragraph -->\n<!-- wp:heading -->\n<h2 class=\"wp-block-heading\">Cookies<\/h2>\n<!-- \/wp:heading -->\n<!-- wp:paragraph -->\n<p><strong class=\"privacy-policy-tutorial\">Suggested text: <\/strong>If you leave a comment on our site you may opt-in to saving your name, email address and website in cookies. These are for your convenience so that you do not have to fill in your details again when you leave another comment. These cookies will last for one year.<\/p>\n<!-- \/wp:paragraph -->\n<!-- wp:paragraph -->\n<p>If you visit our login page, we will set a temporary cookie to determine if your browser accepts cookies. This cookie contains no personal data and is discarded when you close your browser.<\/p>\n<!-- \/wp:paragraph -->\n<!-- wp:paragraph -->\n<p>When you log in, we will also set up several cookies to save your login information and your screen display choices. Login cookies last for two days, and screen options cookies last for a year. If you select &quot;Remember Me&quot;, your login will persist for two weeks. If you log out of your account, the login cookies will be removed.<\/p>\n<!-- \/wp:paragraph -->\n<!-- wp:paragraph -->\n<p>If you edit or publish an article, an additional cookie will be saved in your browser. This cookie includes no personal data and simply indicates the post ID of the article you just edited. It expires after 1 day.<\/p>\n<!-- \/wp:paragraph -->\n<!-- wp:heading -->\n<h2 class=\"wp-block-heading\">Embedded content from other websites<\/h2>\n<!-- \/wp:heading -->\n<!-- wp:paragraph -->\n<p><strong class=\"privacy-policy-tutorial\">Suggested text: <\/strong>Articles on this site may include embedded content (e.g. videos, images, articles, etc.). Embedded content from other websites behaves in the exact same way as if the visitor has visited the other website.<\/p>\n<!-- \/wp:paragraph -->\n<!-- wp:paragraph -->\n<p>These websites may collect data about you, use cookies, embed additional third-party tracking, and monitor your interaction with that embedded content, including tracking your interaction with the embedded content if you have an account and are logged in to that website.<\/p>\n<!-- \/wp:paragraph -->\n<!-- wp:heading -->\n<h2 class=\"wp-block-heading\">Who we share your data with<\/h2>\n<!-- \/wp:heading -->\n<!-- wp:paragraph -->\n<p><strong class=\"privacy-policy-tutorial\">Suggested text: <\/strong>If you request a password reset, your IP address will be included in the reset email.<\/p>\n<!-- \/wp:paragraph -->\n<!-- wp:heading -->\n<h2 class=\"wp-block-heading\">How long we retain your data<\/h2>\n<!-- \/wp:heading -->\n<!-- wp:paragraph -->\n<p><strong class=\"privacy-policy-tutorial\">Suggested text: <\/strong>If you leave a comment, the comment and its metadata are retained indefinitely. This is so we can recognize and approve any follow-up comments automatically instead of holding them in a moderation queue.<\/p>\n<!-- \/wp:paragraph -->\n<!-- wp:paragraph -->\n<p>For users that register on our website (if any), we also store the personal information they provide in their user profile. All users can see, edit, or delete their personal information at any time (except they cannot change their username). Website administrators can also see and edit that information.<\/p>\n<!-- \/wp:paragraph -->\n<!-- wp:heading -->\n<h2 class=\"wp-block-heading\">What rights you have over your data<\/h2>\n<!-- \/wp:heading -->\n<!-- wp:paragraph -->\n<p><strong class=\"privacy-policy-tutorial\">Suggested text: <\/strong>If you have an account on this site, or have left comments, you can request to receive an exported file of the personal data we hold about you, including any data you have provided to us. You can also request that we erase any personal data we hold about you. This does not include any data we are obliged to keep for administrative, legal, or security purposes.<\/p>\n<!-- \/wp:paragraph -->\n<!-- wp:heading -->\n<h2 class=\"wp-block-heading\">Where your data is sent<\/h2>\n<!-- \/wp:heading -->\n<!-- wp:paragraph -->\n<p><strong class=\"privacy-policy-tutorial\">Suggested text: <\/strong>Visitor comments may be checked through an automated spam detection service.<\/p>\n<!-- \/wp:paragraph -->\n","_et_gb_content_width":"","footnotes":""},"class_list":["post-3","page","type-page","status-publish","hentry"],"yoast_head":"<!-- This site is optimized with the Yoast SEO plugin v27.4 - https:\/\/yoast.com\/product\/yoast-seo-wordpress\/ -->\n<title>Pol\u00edtica de Privacitat - Peluts pel Pirineu<\/title>\n<meta name=\"robots\" content=\"index, follow, max-snippet:-1, max-image-preview:large, max-video-preview:-1\" \/>\n<link rel=\"canonical\" href=\"https:\/\/www.pelutspelpirineu.ad\/?page_id=3\" \/>\n<meta property=\"og:locale\" content=\"es_ES\" \/>\n<meta property=\"og:type\" content=\"article\" \/>\n<meta property=\"og:title\" content=\"Pol\u00edtica de Privacitat - Peluts pel Pirineu\" \/>\n<meta property=\"og:description\" content=\"Pol\u00edtica de Privadesa \u00daltima actualitzaci\u00f3: 29 de maig de 2025 1. Responsable del tractament Nom comercial: Peluts pel Pirineu Ubicaci\u00f3: Arinsal, Andorra Correu electr\u00f2nic de contacte: pelutspelpirineu@gmail.com 2. Dades que recopilem Recopilem les seg\u00fcents dades personals mitjan\u00e7ant la nostra web, activitats i canals de contacte: - Nom i cognoms del tutor\/a de l&#039;animal- Nom de [&hellip;]\" \/>\n<meta property=\"og:url\" content=\"https:\/\/www.pelutspelpirineu.ad\/?page_id=3\" \/>\n<meta property=\"og:site_name\" content=\"Peluts pel Pirineu\" \/>\n<meta property=\"article:modified_time\" content=\"2025-10-21T07:42:40+00:00\" \/>\n<meta name=\"twitter:card\" content=\"summary_large_image\" \/>\n<meta name=\"twitter:label1\" content=\"Tiempo de lectura\" \/>\n\t<meta name=\"twitter:data1\" content=\"3 minutos\" \/>\n<script type=\"application\/ld+json\" class=\"yoast-schema-graph\">{\"@context\":\"https:\\\/\\\/schema.org\",\"@graph\":[{\"@type\":\"WebPage\",\"@id\":\"https:\\\/\\\/www.pelutspelpirineu.ad\\\/?page_id=3\",\"url\":\"https:\\\/\\\/www.pelutspelpirineu.ad\\\/?page_id=3\",\"name\":\"Pol\u00edtica de Privacitat - Peluts pel Pirineu\",\"isPartOf\":{\"@id\":\"https:\\\/\\\/www.pelutspelpirineu.ad\\\/#website\"},\"datePublished\":\"2025-09-27T09:05:04+00:00\",\"dateModified\":\"2025-10-21T07:42:40+00:00\",\"breadcrumb\":{\"@id\":\"https:\\\/\\\/www.pelutspelpirineu.ad\\\/?page_id=3#breadcrumb\"},\"inLanguage\":\"es\",\"potentialAction\":[{\"@type\":\"ReadAction\",\"target\":[\"https:\\\/\\\/www.pelutspelpirineu.ad\\\/?page_id=3\"]}]},{\"@type\":\"BreadcrumbList\",\"@id\":\"https:\\\/\\\/www.pelutspelpirineu.ad\\\/?page_id=3#breadcrumb\",\"itemListElement\":[{\"@type\":\"ListItem\",\"position\":1,\"name\":\"Inici\",\"item\":\"https:\\\/\\\/www.pelutspelpirineu.ad\\\/\"},{\"@type\":\"ListItem\",\"position\":2,\"name\":\"Inici\",\"item\":\"https:\\\/\\\/www.pelutspelpirineu.ad\\\/\"},{\"@type\":\"ListItem\",\"position\":3,\"name\":\"Pol\u00edtica de Privacitat\"}]},{\"@type\":\"WebSite\",\"@id\":\"https:\\\/\\\/www.pelutspelpirineu.ad\\\/#website\",\"url\":\"https:\\\/\\\/www.pelutspelpirineu.ad\\\/\",\"name\":\"Peluts pel Pirineu\",\"description\":\"Escola d&#039;educaci\u00f3 canina a Andorra\",\"potentialAction\":[{\"@type\":\"SearchAction\",\"target\":{\"@type\":\"EntryPoint\",\"urlTemplate\":\"https:\\\/\\\/www.pelutspelpirineu.ad\\\/?s={search_term_string}\"},\"query-input\":{\"@type\":\"PropertyValueSpecification\",\"valueRequired\":true,\"valueName\":\"search_term_string\"}}],\"inLanguage\":\"es\"}]}<\/script>\n<!-- \/ Yoast SEO plugin. -->","yoast_head_json":{"title":"Pol\u00edtica de Privacitat - Peluts pel Pirineu","robots":{"index":"index","follow":"follow","max-snippet":"max-snippet:-1","max-image-preview":"max-image-preview:large","max-video-preview":"max-video-preview:-1"},"canonical":"https:\/\/www.pelutspelpirineu.ad\/?page_id=3","og_locale":"es_ES","og_type":"article","og_title":"Pol\u00edtica de Privacitat - Peluts pel Pirineu","og_description":"Pol\u00edtica de Privadesa \u00daltima actualitzaci\u00f3: 29 de maig de 2025 1. Responsable del tractament Nom comercial: Peluts pel Pirineu Ubicaci\u00f3: Arinsal, Andorra Correu electr\u00f2nic de contacte: pelutspelpirineu@gmail.com 2. Dades que recopilem Recopilem les seg\u00fcents dades personals mitjan\u00e7ant la nostra web, activitats i canals de contacte: - Nom i cognoms del tutor\/a de l'animal- Nom de [&hellip;]","og_url":"https:\/\/www.pelutspelpirineu.ad\/?page_id=3","og_site_name":"Peluts pel Pirineu","article_modified_time":"2025-10-21T07:42:40+00:00","twitter_card":"summary_large_image","twitter_misc":{"Tiempo de lectura":"3 minutos"},"schema":{"@context":"https:\/\/schema.org","@graph":[{"@type":"WebPage","@id":"https:\/\/www.pelutspelpirineu.ad\/?page_id=3","url":"https:\/\/www.pelutspelpirineu.ad\/?page_id=3","name":"Pol\u00edtica de Privacitat - Peluts pel Pirineu","isPartOf":{"@id":"https:\/\/www.pelutspelpirineu.ad\/#website"},"datePublished":"2025-09-27T09:05:04+00:00","dateModified":"2025-10-21T07:42:40+00:00","breadcrumb":{"@id":"https:\/\/www.pelutspelpirineu.ad\/?page_id=3#breadcrumb"},"inLanguage":"es","potentialAction":[{"@type":"ReadAction","target":["https:\/\/www.pelutspelpirineu.ad\/?page_id=3"]}]},{"@type":"BreadcrumbList","@id":"https:\/\/www.pelutspelpirineu.ad\/?page_id=3#breadcrumb","itemListElement":[{"@type":"ListItem","position":1,"name":"Inici","item":"https:\/\/www.pelutspelpirineu.ad\/"},{"@type":"ListItem","position":2,"name":"Inici","item":"https:\/\/www.pelutspelpirineu.ad\/"},{"@type":"ListItem","position":3,"name":"Pol\u00edtica de Privacitat"}]},{"@type":"WebSite","@id":"https:\/\/www.pelutspelpirineu.ad\/#website","url":"https:\/\/www.pelutspelpirineu.ad\/","name":"Peluts pel Pirineu","description":"Escola d&#039;educaci\u00f3 canina a Andorra","potentialAction":[{"@type":"SearchAction","target":{"@type":"EntryPoint","urlTemplate":"https:\/\/www.pelutspelpirineu.ad\/?s={search_term_string}"},"query-input":{"@type":"PropertyValueSpecification","valueRequired":true,"valueName":"search_term_string"}}],"inLanguage":"es"}]}},"jetpack_sharing_enabled":true,"_links":{"self":[{"href":"https:\/\/www.pelutspelpirineu.ad\/index.php?rest_route=\/wp\/v2\/pages\/3","targetHints":{"allow":["GET"]}}],"collection":[{"href":"https:\/\/www.pelutspelpirineu.ad\/index.php?rest_route=\/wp\/v2\/pages"}],"about":[{"href":"https:\/\/www.pelutspelpirineu.ad\/index.php?rest_route=\/wp\/v2\/types\/page"}],"author":[{"embeddable":true,"href":"https:\/\/www.pelutspelpirineu.ad\/index.php?rest_route=\/wp\/v2\/users\/2"}],"replies":[{"embeddable":true,"href":"https:\/\/www.pelutspelpirineu.ad\/index.php?rest_route=%2Fwp%2Fv2%2Fcomments&post=3"}],"version-history":[{"count":10,"href":"https:\/\/www.pelutspelpirineu.ad\/index.php?rest_route=\/wp\/v2\/pages\/3\/revisions"}],"predecessor-version":[{"id":218,"href":"https:\/\/www.pelutspelpirineu.ad\/index.php?rest_route=\/wp\/v2\/pages\/3\/revisions\/218"}],"up":[{"embeddable":true,"href":"https:\/\/www.pelutspelpirineu.ad\/index.php?rest_route=\/wp\/v2\/pages\/36"}],"wp:attachment":[{"href":"https:\/\/www.pelutspelpirineu.ad\/index.php?rest_route=%2Fwp%2Fv2%2Fmedia&parent=3"}],"curies":[{"name":"wp","href":"https:\/\/api.w.org\/{rel}","templated":true}]}}